= 1096 - 846. What is the highest common factor of g and 30?
10
Let v(i) = i**2 + 6*i. Let z be v(-6). Let l be ((-108)/15)/(4/(-170)). Suppose z = 5*x - 214 - l. Calculate the greatest common factor of 13 and x.
13
Let l(r) = r**3 + 18*r**2 + 7*r - 14. Let g be l(-14). Suppose -7*b = -14*b + g. Calculate the greatest common divisor of 16 and b.
16
Let q be (-1)/(-2 + (-22)/(-12)). Let p = -144 - -12. Let d be ((-17)/(-34))/((-1)/p). Calculate the highest common factor of d and q.
6
Suppose -3*v - 2*v + 496 = -4*a, -4*a + 272 = 3*v. Let i(u) = -2*u**2 + 24*u + 228. Let h be i(-6). What is the highest common factor of h and v?
12
Let n(r) = r - 1. Let a(f) = -44*f. Let g(h) = -a(h) + 2*n(h). Let b be g(1). What is the highest common factor of 484 and b?
44
Suppose -5*i + 4308 = 3*k, 0*k = -4*k - 3*i + 5733. Calculate the greatest common divisor of 27 and k.
27
Suppose -4*r - 4 = -8*r. Let k be 18 - -287 - (3 - r). Let a be (0 - -1)*-3 + k. What is the highest common divisor of 30 and a?
30
Let y be 75/10*64/6. Suppose 0 = 5*i - i + y. Let r = i - -28. What is the greatest common divisor of r and 12?
4
Let d = -86 - -116. What is the greatest common factor of 70 and d?
10
Let m = 13 - 22. Let j = 12 + m. Calculate the highest common divisor of 33 and j.
3
Let k = 97 - 80. Calculate the greatest common factor of k and 17.
17
Let i(y) = 10*y + 5. Let n be i(-3). Let u = 34 + n. Calculate the greatest common factor of u and 99.
9
Suppose -3*t - 4*t = 147. Let r = 28 + t. What is the greatest common factor of r and 14?
7
Suppose -3*m + t - 52 = -5*m, 44 = 2*m - 3*t. Let x be m + 0/(12/(-4)). Calculate the greatest common divisor of x and 25.
25
Let k be (-12 + 8)/((-1)/6). Let y(b) = 3*b - 6. Let g be y(26). What is the highest common divisor of k and g?
24
Let s = 2003 - 1750. Calculate the highest common factor of s and 23.
23
Let v(r) = 2*r**2 + r - 3. Let c be v(4). Suppose -3*o - 12 - c = 0. Let j = o - -30. What is the greatest common factor of 45 and j?
15
Let g(h) = 4*h - 50. Let b be g(14). Calculate the highest common factor of b and 102.
6
Let o be (1 - 6/15)/((-39)/(-195)). Suppose 16 = 2*h - 2. What is the highest common factor of o and h?
3
Suppose -t = 4*w - 1980, -4*t + 17*w + 7950 = 18*w. Calculate the greatest common divisor of 28 and t.
28
Let m(u) = -5*u**2 - 20*u - 2. Let n be m(-3). Calculate the greatest common divisor of 91 and n.
13
Suppose -2912 = -2*b - 12*b. Let t = b + -136. What is the greatest common factor of t and 24?
24
Let x(l) = -10*l. Let n be 1/1 + 3 + 0. Suppose 0*h - n = 4*h. Let t be x(h). What is the greatest common divisor of 40 and t?
10
Suppose 4*y = 9*y - 70. Suppose y = 4*j - 122. What is the greatest common divisor of 136 and j?
34
Suppose 7*j + 24*j - 775 = 0. What is the highest common divisor of j and 575?
25
Let n(r) be the first derivative of r**2 + 6*r + 11. Let t be n(9). Calculate the highest common factor of t and 16.
8
Let k(q) = q. Let n be k(3). Suppose n*j = 2*j + 4. What is the greatest common factor of 2 and j?
2
Let l(j) = 21*j**2 - j + 1. Let m be l(-4). Let y be (9/(-6))/((-21)/434). Calculate the highest common divisor of y and m.
31
Let p = -314 + 326. Calculate the highest common factor of 420 and p.
12
Suppose -4*a = -2*h + 52, -h + 5*a - 3 = -20. What is the highest common factor of h and 128?
32
Let b = -28 - -33. Let r be (b - 2) + (31 - (1 - 5)). Suppose -3*q = -q - 190. What is the greatest common factor of r and q?
19
Let r = -130 - -250. Suppose -284*j + 96 = -280*j. Calculate the greatest common factor of j and r.
24
Suppose -2*l = -8, 4*l - 130 = -3*j + 138. Let x = -7 + 93. Let k be 4/(-14) - x/(-7). Calculate the greatest common divisor of j and k.
12
Let p be (-6)/(-30) + (-9)/(-5). Let c(z) = 4*z**2 - 2*z + 4. Let r be c(p). What is the greatest common divisor of 176 and r?
16
Let f be ((-1)/(-2))/(25/4750). What is the greatest common factor of 171 and f?
19
Suppose 3*y - 3*f = 1425, 2*y + 6*f - 10*f - 950 = 0. Calculate the greatest common factor of 190 and y.
95
Suppose -174*h + 179*h = 450. Calculate the greatest common factor of h and 18.
18
Suppose 3*n - 813 = -4*c, -n - 50 = c - 253. What is the highest common divisor of 51 and c?
51
Suppose 0 = -2*z + 2*y, 5*y = -3*z + y + 14. Let g = z + 4. Let b(q) = 3*q**2 - 250*q - 150. Let r be b(84). Calculate the greatest common factor of r and g.
6
Let k = -21 + 30. Suppose 0*g + 3*g = 5*r + 54, -60 = 5*r - 5*g. Let d be (-2)/r - (-6223)/63. What is the greatest common divisor of d and k?
9
Let w(o) = o**2 - 4*o + 1. Let t be (-21)/(-9) - (-8)/12. Let f be w(t). Let c be 30/f*66/(-9). Calculate the highest common factor of c and 11.
11
Let q(w) = 33*w + 180. Let i(k) = 8*k + 45. Let h(x) = 9*i(x) - 2*q(x). Let l be h(-4). What is the greatest common divisor of 12 and l?
3
Let z = 19 + -2. Suppose -2*h - 133 = h - 5*j, 5*h = -3*j - 165. Let v be 9/h + 477/4. Calculate the greatest common divisor of z and v.
17
Suppose -3 = -u - 0*u + 4*o, 2*o - 36 = -2*u. Suppose 3*v = -l + 103 - 14, 5*l - 145 = -5*v. Calculate the greatest common factor of v and u.
15
Suppose 3*n = 4*n - 9. Let q(x) = 2*x**2 + x - 3. Let c be q(n). Suppose -4*t = -8*t + c. What is the greatest common factor of 14 and t?
14
Suppose -4*q - 6 = -2*j, 3*q - 7*q + 9 = 3*j. Suppose -10*c + 2408 = -j*c. What is the greatest common divisor of c and 43?
43
Suppose 0 = -g + 27 + 10. Let l(h) = 4*h**2 + 25*h + 154. Let k be l(-6). What is the greatest common divisor of g and k?
37
Let n(a) = -5*a - 2 + a + 0 + 3*a. Let f be n(4). Let l(y) = 2*y**2 - 6*y - 9. Let k be l(f). What is the highest common factor of 9 and k?
9
Let u(h) = h**3 - 4*h**2 + 2*h - 5. Let p be u(5). Let t = 212 - 107. Suppose 3*x - j - 14 = 41, -5*j = 4*x - t. What is the highest common factor of p and x?
10
Let s = 754 - 616. What is the highest common divisor of s and 6?
6
Suppose 7*a - 69 = 3*a + k, 70 = 5*a + 2*k. Let y be (-4)/(((-9)/40)/9). What is the highest common factor of a and y?
16
Suppose -2929*y + 2936*y = 2205. What is the highest common divisor of 28 and y?
7
Suppose -4*o + 4*f + 1236 = 0, 33 = -2*f + 23. Calculate the highest common divisor of o and 19.
19
Let m be 2 + (-3)/(3/(-4)). Let w(g) = 2*g**2 - 24*g + 9. Suppose -43 + 103 = 5*z. Let l be w(z). Calculate the highest common divisor of m and l.
3
Let j = -1007 - -1151. What is the greatest common divisor of 18 and j?
18
Suppose -4*m + 28 = 3*m. Suppose 0 = -3*y + z + 47 + 165, -m*z + 232 = 3*y. What is the greatest common factor of 9 and y?
9
Suppose -37*g + 27*g = -100. What is the highest common factor of 1 and g?
1
Let l = 51 + -59. Let y be ((-90)/l)/3*(2 - -2). Calculate the greatest common factor of y and 165.
15
Let y(w) = 2*w**2 - 58*w + 38. Let i be y(29). Calculate the highest common divisor of i and 8.
2
Suppose -142 - 182 = -4*z. Let s = 19 + -15. Suppose -115 = -s*o - 7. Calculate the highest common divisor of o and z.
27
Let c(g) = g. Let w be c(0). Suppose -d = 4*q - 0*q - 38, -4*q - 5*d + 30 = w. Calculate the greatest common factor of q and 90.
10
Suppose -54 = -4*y + 106. Let l = -4 + y. What is the greatest common divisor of 24 and l?
12
Let d(o) = -12*o + 52. Let c be d(3). What is the greatest common divisor of 144 and c?
16
Let r = 9 - 7. Suppose 0 = -3*x + 3*u + 345, r*x + 5*u = 6*x - 463. Suppose w = 3*t - 85, -3*t - t + w = -x. Calculate the highest common factor of t and 108.
27
Suppose -2*i - 2*g = -6*i + 126, -i + 3*g + 39 = 0. Calculate the highest common factor of 42 and i.
6
Suppose -2*f = -3*b + 42, 4*b - 54 = 3*f - f. Suppose -2*t + 0 + b = 0. What is the greatest common factor of 30 and t?
6
Suppose 0 = -3*u + 12, 4*u - 2*u + 42 = 2*s. Calculate the highest common divisor of 600 and s.
25
Suppose 5*u - 3*a - 1646 = 0, 4*a + 8 = -0*a. Let z = -183 + 224. What is the highest common divisor of u and z?
41
Let f(x) = 167*x - 672. Let n be f(7). Calculate the highest common factor of n and 21.
7
Suppose b - 5*b = -16. Suppose b*h = -5*p + 24, 4*h - 8 = -p - 0*h. Let a be 99/21 + p/14. What is the highest common divisor of 20 and a?
5
Let t be (-34)/(-14) + (-15)/35. Suppose v = 6 - t. Suppose 5*g = -y + 14 + 71, v*y - 215 = 5*g. Calculate the highest common factor of y and 40.
20
Suppo